[INFO] cloning repository https://github.com/DjaPy/poxidpx_tutor
[INFO] running `Command { std: "git" "-c" "credential.helper=" "-c" "credential.helper=/workspace/cargo-home/bin/git-credential-null" "clone" "--bare" "https://github.com/DjaPy/poxidpx_tutor" "/workspace/cache/git-repos/https%3A%2F%2Fgithub.com%2FDjaPy%2Fpoxidpx_tutor", kill_on_drop: false }`
[INFO] [stderr] Cloning into bare repository '/workspace/cache/git-repos/https%3A%2F%2Fgithub.com%2FDjaPy%2Fpoxidpx_tutor'...
[INFO] running `Command { std: "git" "rev-parse" "HEAD", kill_on_drop: false }`
[INFO] [stdout] 859c709b951eb167cfbe294ca44f802b9d539607
[INFO] checking DjaPy/poxidpx_tutor against master#9610dfe5a9a731ced1ea4923ecbd0c57fe367898 for beta-170-4
[INFO] running `Command { std: "git" "clone" "/workspace/cache/git-repos/https%3A%2F%2Fgithub.com%2FDjaPy%2Fpoxidpx_tutor" "/workspace/builds/worker-2-tc1/source", kill_on_drop: false }`
[INFO] [stderr] Cloning into '/workspace/builds/worker-2-tc1/source'...
[INFO] [stderr] done.
[INFO] validating manifest of git repo https://github.com/DjaPy/poxidpx_tutor on toolchain 9610dfe5a9a731ced1ea4923ecbd0c57fe367898
[INFO] running `Command { std: CARGO_HOME="/workspace/cargo-home" RUSTUP_HOME="/workspace/rustup-home" "/workspace/cargo-home/bin/cargo" "+9610dfe5a9a731ced1ea4923ecbd0c57fe367898" "metadata" "--manifest-path" "Cargo.toml" "--no-deps", kill_on_drop: false }`
[INFO] started tweaking git repo https://github.com/DjaPy/poxidpx_tutor
[INFO] finished tweaking git repo https://github.com/DjaPy/poxidpx_tutor
[INFO] tweaked toml for git repo https://github.com/DjaPy/poxidpx_tutor written to /workspace/builds/worker-2-tc1/source/Cargo.toml
[INFO] crate git repo https://github.com/DjaPy/poxidpx_tutor already has a lockfile, it will not be regenerated
[INFO] running `Command { std: CARGO_HOME="/workspace/cargo-home" RUSTUP_HOME="/workspace/rustup-home" "/workspace/cargo-home/bin/cargo" "+9610dfe5a9a731ced1ea4923ecbd0c57fe367898" "fetch" "--manifest-path" "Cargo.toml", kill_on_drop: false }`
[INFO] [stderr]  Downloading crates ...
[INFO] [stderr]   Downloaded tiny_http v0.8.2
[INFO] [stderr]   Downloaded rouille v3.2.1
[INFO] running `Command { std: "docker" "create" "-v" "/var/lib/crater-agent-workspace/builds/worker-2-tc1/target:/opt/rustwide/target:rw,Z" "-v" "/var/lib/crater-agent-workspace/builds/worker-2-tc1/source:/opt/rustwide/workdir:ro,Z" "-v" "/var/lib/crater-agent-workspace/cargo-home:/opt/rustwide/cargo-home:ro,Z" "-v" "/var/lib/crater-agent-workspace/rustup-home:/opt/rustwide/rustup-home:ro,Z" "-e" "SOURCE_DIR=/opt/rustwide/workdir" "-e" "CARGO_TARGET_DIR=/opt/rustwide/target" "-e" "CARGO_HOME=/opt/rustwide/cargo-home" "-e" "RUSTUP_HOME=/opt/rustwide/rustup-home" "-w" "/opt/rustwide/workdir" "-m" "1610612736" "--user" "0:0" "--network" "none" "ghcr.io/rust-lang/crates-build-env/linux@sha256:5ff2268d62e97bff2cde7d5815dd6ed5b47097566f13b8d0ca110b04b60e07ed" "/opt/rustwide/cargo-home/bin/cargo" "+9610dfe5a9a731ced1ea4923ecbd0c57fe367898" "metadata" "--no-deps" "--format-version=1", kill_on_drop: false }`
[INFO] [stdout] 717533b3fd7a44d38d21cfd948bc3d0e313087ecaf3b61791e0c1f03d2b2516a
[INFO] running `Command { std: "docker" "start" "-a" "717533b3fd7a44d38d21cfd948bc3d0e313087ecaf3b61791e0c1f03d2b2516a", kill_on_drop: false }`
[INFO] running `Command { std: "docker" "inspect" "717533b3fd7a44d38d21cfd948bc3d0e313087ecaf3b61791e0c1f03d2b2516a", kill_on_drop: false }`
[INFO] running `Command { std: "docker" "rm" "-f" "717533b3fd7a44d38d21cfd948bc3d0e313087ecaf3b61791e0c1f03d2b2516a", kill_on_drop: false }`
[INFO] [stdout] 717533b3fd7a44d38d21cfd948bc3d0e313087ecaf3b61791e0c1f03d2b2516a
[INFO] running `Command { std: "docker" "create" "-v" "/var/lib/crater-agent-workspace/builds/worker-2-tc1/target:/opt/rustwide/target:rw,Z" "-v" "/var/lib/crater-agent-workspace/builds/worker-2-tc1/source:/opt/rustwide/workdir:ro,Z" "-v" "/var/lib/crater-agent-workspace/cargo-home:/opt/rustwide/cargo-home:ro,Z" "-v" "/var/lib/crater-agent-workspace/rustup-home:/opt/rustwide/rustup-home:ro,Z" "-e" "SOURCE_DIR=/opt/rustwide/workdir" "-e" "CARGO_TARGET_DIR=/opt/rustwide/target" "-e" "CARGO_INCREMENTAL=0" "-e" "RUST_BACKTRACE=full" "-e" "RUSTFLAGS=--cap-lints=forbid" "-e" "RUSTDOCFLAGS=--cap-lints=forbid" "-e" "CARGO_HOME=/opt/rustwide/cargo-home" "-e" "RUSTUP_HOME=/opt/rustwide/rustup-home" "-w" "/opt/rustwide/workdir" "-m" "1610612736" "--user" "0:0" "--network" "none" "ghcr.io/rust-lang/crates-build-env/linux@sha256:5ff2268d62e97bff2cde7d5815dd6ed5b47097566f13b8d0ca110b04b60e07ed" "/opt/rustwide/cargo-home/bin/cargo" "+9610dfe5a9a731ced1ea4923ecbd0c57fe367898" "check" "--frozen" "--all" "--all-targets" "--message-format=json", kill_on_drop: false }`
[INFO] [stdout] d4edfe483bfd6d877f9bffb4dfa7f694e03367376a49502413d6095b4b803f11
[INFO] running `Command { std: "docker" "start" "-a" "d4edfe483bfd6d877f9bffb4dfa7f694e03367376a49502413d6095b4b803f11", kill_on_drop: false }`
[INFO] [stderr]    Compiling libc v0.2.100
[INFO] [stderr]    Compiling version_check v0.9.3
[INFO] [stderr]    Compiling proc-macro2 v1.0.28
[INFO] [stderr]    Compiling unicode-xid v0.2.2
[INFO] [stderr]    Compiling autocfg v1.0.1
[INFO] [stderr]    Compiling syn v1.0.75
[INFO] [stderr]    Compiling memchr v2.4.1
[INFO] [stderr]     Checking tinyvec v1.3.1
[INFO] [stderr]    Compiling cc v1.0.69
[INFO] [stderr]     Checking matches v0.1.9
[INFO] [stderr]    Compiling log v0.4.14
[INFO] [stderr]    Compiling unicase v2.6.0
[INFO] [stderr]    Compiling standback v0.2.17
[INFO] [stderr]    Compiling num-traits v0.2.14
[INFO] [stderr]    Compiling num-integer v0.1.44
[INFO] [stderr]    Compiling serde_derive v1.0.129
[INFO] [stderr]     Checking unicode-normalization v0.1.19
[INFO] [stderr]    Compiling quote v1.0.9
[INFO] [stderr]    Compiling mime_guess v2.0.3
[INFO] [stderr]     Checking getrandom v0.2.3
[INFO] [stderr]     Checking rand_core v0.6.3
[INFO] [stderr]    Compiling brotli-sys v0.3.2
[INFO] [stderr]     Checking rand_chacha v0.3.1
[INFO] [stderr]    Compiling httparse v1.5.1
[INFO] [stderr]    Compiling const_fn v0.4.8
[INFO] [stderr]     Checking unicode-bidi v0.3.6
[INFO] [stderr]    Compiling serde v1.0.129
[INFO] [stderr]     Checking rand v0.8.4
[INFO] [stderr]     Checking idna v0.2.3
[INFO] [stderr]     Checking form_urlencoded v1.0.1
[INFO] [stderr]     Checking time v0.1.43
[INFO] [stderr]    Compiling time v0.2.27
[INFO] [stderr]    Compiling serde_json v1.0.66
[INFO] [stderr]     Checking remove_dir_all v0.5.3
[INFO] [stderr]     Checking safemem v0.3.3
[INFO] [stderr]     Checking chrono v0.4.19
[INFO] [stderr]     Checking buf_redux v0.8.4
[INFO] [stderr]     Checking tempfile v3.2.0
[INFO] [stderr]     Checking url v2.2.2
[INFO] [stderr]     Checking gzip-header v0.3.0
[INFO] [stderr]     Checking twoway v0.1.8
[INFO] [stderr]     Checking num_cpus v1.13.0
[INFO] [stderr]     Checking itoa v0.4.8
[INFO] [stderr]     Checking chunked_transfer v1.4.0
[INFO] [stderr]     Checking ascii v1.0.0
[INFO] [stderr]     Checking multipart v0.18.0
[INFO] [stderr]     Checking threadpool v1.8.1
[INFO] [stderr]     Checking deflate v0.9.1
[INFO] [stderr]     Checking filetime v0.2.15
[INFO] [stderr]     Checking sha1 v0.6.0
[INFO] [stderr]     Checking tiny_http v0.8.2
[INFO] [stderr]    Compiling time-macros-impl v0.1.2
[INFO] [stderr]     Checking time-macros v0.1.1
[INFO] [stderr]     Checking brotli2 v0.3.2
[INFO] [stderr]     Checking rouille v3.2.1
[INFO] [stderr]     Checking pokedex v0.1.0 (/opt/rustwide/workdir)
[INFO] [stdout] error[E0433]: failed to resolve: use of undeclared type `FetchOneError`
[INFO] [stdout]   --> src/domain/fetch_pokemon.rs:19:13
[INFO] [stdout]    |
[INFO] [stdout] 19 |         Err(FetchOneError::NotFound) => Err(Error::NotFound),
[INFO] [stdout]    |             ^^^^^^^^^^^^^ use of undeclared type `FetchOneError`
[INFO] [stdout]    |
[INFO] [stdout] help: consider importing this enum
[INFO] [stdout]    |
[INFO] [stdout] 1  + use crate::repositories::pokemon::FetchOneError;
[INFO] [stdout]    |
[INFO] [stdout] 
[INFO] [stdout] 
[INFO] [stdout] error[E0433]: failed to resolve: use of undeclared type `FetchOneError`
[INFO] [stdout]   --> src/domain/fetch_pokemon.rs:20:13
[INFO] [stdout]    |
[INFO] [stdout] 20 |         Err(FetchOneError::Unknown) => Err(Error::Unknown),
[INFO] [stdout]    |             ^^^^^^^^^^^^^ use of undeclared type `FetchOneError`
[INFO] [stdout]    |
[INFO] [stdout] help: consider importing this enum
[INFO] [stdout]    |
[INFO] [stdout] 1  + use crate::repositories::pokemon::FetchOneError;
[INFO] [stdout]    |
[INFO] [stdout] 
[INFO] [stdout] 
[INFO] [stdout] warning: unused imports: `PokemonName`, `PokemonNumber`, `PokemonTypes`
[INFO] [stdout]  --> src/domain/fetch_all_pokemons.rs:1:31
[INFO] [stdout]   |
[INFO] [stdout] 1 | use crate::domain::entities::{PokemonName, PokemonNumber, PokemonTypes};
[INFO] [stdout]   |                               ^^^^^^^^^^^  ^^^^^^^^^^^^^  ^^^^^^^^^^^^
[INFO] [stdout]   |
[INFO] [stdout]   = note: `#[warn(unused_imports)]` on by default
[INFO] [stdout] 
[INFO] [stdout] 
[INFO] [stdout] error[E0433]: failed to resolve: use of undeclared type `FetchOneError`
[INFO] [stdout]   --> src/domain/fetch_pokemon.rs:19:13
[INFO] [stdout]    |
[INFO] [stdout] 19 |         Err(FetchOneError::NotFound) => Err(Error::NotFound),
[INFO] [stdout]    |             ^^^^^^^^^^^^^ use of undeclared type `FetchOneError`
[INFO] [stdout]    |
[INFO] [stdout] help: consider importing this enum
[INFO] [stdout]    |
[INFO] [stdout] 1  + use crate::repositories::pokemon::FetchOneError;
[INFO] [stdout]    |
[INFO] [stdout] 
[INFO] [stdout] 
[INFO] [stdout] error[E0433]: failed to resolve: use of undeclared type `FetchOneError`
[INFO] [stdout]   --> src/domain/fetch_pokemon.rs:20:13
[INFO] [stdout]    |
[INFO] [stdout] 20 |         Err(FetchOneError::Unknown) => Err(Error::Unknown),
[INFO] [stdout]    |             ^^^^^^^^^^^^^ use of undeclared type `FetchOneError`
[INFO] [stdout]    |
[INFO] [stdout] help: consider importing this enum
[INFO] [stdout]    |
[INFO] [stdout] 1  + use crate::repositories::pokemon::FetchOneError;
[INFO] [stdout]    |
[INFO] [stdout] 
[INFO] [stdout] 
[INFO] [stdout] warning: unused imports: `PokemonName`, `PokemonNumber`, `PokemonTypes`
[INFO] [stdout]  --> src/domain/fetch_all_pokemons.rs:1:31
[INFO] [stdout]   |
[INFO] [stdout] 1 | use crate::domain::entities::{PokemonName, PokemonNumber, PokemonTypes};
[INFO] [stdout]   |                               ^^^^^^^^^^^  ^^^^^^^^^^^^^  ^^^^^^^^^^^^
[INFO] [stdout]   |
[INFO] [stdout]   = note: `#[warn(unused_imports)]` on by default
[INFO] [stdout] 
[INFO] [stdout] 
[INFO] [stdout] error: aborting due to 2 previous errors; 1 warning emitted
[INFO] [stdout] 
[INFO] [stdout] 
[INFO] [stdout] For more information about this error, try `rustc --explain E0433`.
[INFO] [stdout] 
[INFO] [stdout] error: aborting due to 2 previous errors; 1 warning emitted
[INFO] [stdout] 
[INFO] [stdout] 
[INFO] [stdout] For more information about this error, try `rustc --explain E0433`.
[INFO] [stdout] 
[INFO] [stderr] error: could not compile `pokedex` (bin "pokedex") due to 3 previous errors; 1 warning emitted
[INFO] [stderr] warning: build failed, waiting for other jobs to finish...
[INFO] [stderr] error: could not compile `pokedex` (bin "pokedex" test) due to 3 previous errors; 1 warning emitted
[INFO] running `Command { std: "docker" "inspect" "d4edfe483bfd6d877f9bffb4dfa7f694e03367376a49502413d6095b4b803f11", kill_on_drop: false }`
[INFO] running `Command { std: "docker" "rm" "-f" "d4edfe483bfd6d877f9bffb4dfa7f694e03367376a49502413d6095b4b803f11", kill_on_drop: false }`
[INFO] [stdout] d4edfe483bfd6d877f9bffb4dfa7f694e03367376a49502413d6095b4b803f11
